{"id":68,"date":"2016-05-05T21:08:49","date_gmt":"2016-05-05T21:08:49","guid":{"rendered":"https:\/\/oceanwp.org\/sport\/?page_id=68"},"modified":"2025-11-01T20:53:56","modified_gmt":"2025-11-01T13:53:56","slug":"contact-us","status":"publish","type":"page","link":"https:\/\/vnbarbergroup.vn\/index.php\/contact-us\/","title":{"rendered":"Li\u00ean H\u1ec7"},"content":{"rendered":"\n<div class=\"wp-block-group has-global-padding is-layout-constrained wp-block-group-is-layout-constrained\">\n<div class=\"wp-block-group is-content-justification-center is-nowrap is-layout-flex wp-container-core-group-is-layout-23441af8 wp-block-group-is-layout-flex\">\n<h3 class=\"wp-block-heading has-text-align-center\">Li\u00ean h\u1ec7 VN Barber Shop<\/h3>\n<\/div>\n\n\n\n<div class=\"wp-block-group is-content-justification-center is-nowrap is-layout-flex wp-container-core-group-is-layout-23441af8 wp-block-group-is-layout-flex\">\n<p class=\"has-text-align-center\">G\u1ecdi ngay s\u1ed1 <strong>\ud83d\udcde <a href=\"tel:0346600579\">0346 600 579<\/a><\/strong> (Qu\u1ea3n l\u00fd Vinh) \u0111\u1ec3 \u0111\u01b0\u1ee3c t\u01b0 v\u1ea5n nhanh<\/p>\n<\/div>\n\n\n\n<div class=\"wp-block-group is-content-justification-center is-nowrap is-layout-flex wp-container-core-group-is-layout-23441af8 wp-block-group-is-layout-flex\">\n<div class=\"wp-block-buttons is-content-justification-center is-layout-flex wp-container-core-buttons-is-layout-a89b3969 wp-block-buttons-is-layout-flex\">\n<div class=\"wp-block-button popmake-1193\"><a class=\"wp-block-button__link wp-element-button\">\u0110\u0102NG K\u00dd KH\u00d3A H\u1eccC<\/a><\/div>\n\n\n\n<div class=\"wp-block-button is-style-outline is-style-outline--1\"><a class=\"wp-block-button__link has-base-color has-heading-background-color has-text-color has-background has-link-color wp-element-button\" href=\"https:\/\/booking.easysalon.vn\/vnbarbershop\">\u0110\u1eb6T L\u1ecaCH C\u1eaeT T\u00d3C<\/a><\/div>\n<\/div>\n<\/div>\n<\/div>\n\n\n\n<div class=\"wp-block-group has-global-padding is-layout-constrained wp-block-group-is-layout-constrained\">\n<h3 class=\"wp-block-heading has-text-align-center\">\ud83c\udfe2 C\u00e1c chi nh\u00e1nh c\u1ee7a ch\u00fang t\u00f4i<\/h3>\n\n\n\n<div class=\"wp-block-columns is-layout-flex wp-container-core-columns-is-layout-28f84493 wp-block-columns-is-layout-flex\">\n<div class=\"wp-block-column is-layout-flow wp-block-column-is-layout-flow\">\n<!-- Chi nh\u00e1nh 1 -->\n      <div style=\"flex: 1 1 300px; background: #f3f4f6; padding: 20px; border-radius: 12px;\">\n         <h3 style=\"margin-top: 0;\">C\u1ee7 Chi &#8211; T\u00e2n Quy<\/h3>\n         <p>\ud83d\udccd 29 T\u1ec9nh L\u1ed9 15, x\u00e3 T\u00e2n Th\u1ea1nh T\u00e2y, C\u1ee7 Chi<\/p>\n         <p>\ud83d\udcde <a href=\"tel:0379342079\" style=\"color: #000;\">0379 342 079<\/a> (Qu\u1ea3n l\u00fd Hi\u1ebfu)<\/p>\n         <div style=\"margin: 10px 0;\">\n            <a href=\"https:\/\/www.facebook.com\/share\/12FXWH2fRPM\/?mibextid=wwXIfr\" target=\"_blank\"\n               style=\"display:inline-block; padding: 8px 12px; background:#4267B2; color:#fff; border-radius:6px; text-decoration:none; margin-right: 8px;\">\n            \ud83d\udc4d Fanpage\n            <\/a>\n            <a href=\"https:\/\/booking.easysalon.vn\/vnbarbershopcuchi\" target=\"_blank\"\n               style=\"display:inline-block; padding: 8px 12px; background:#28a745; color:#fff; border-radius:6px; text-decoration:none;\">\n            \ud83d\udcc5 \u0110\u1eb7t l\u1ecbch\n            <\/a>\n         <\/div>\n         <iframe src=\"https:\/\/maps.google.com\/maps?q=29%20t%E1%BB%89nh%20l%E1%BB%99%2015%2C%20x%C3%A3%20T%C3%A2n%20Th%E1%BA%A1nh%20T%C3%A2y%2C%20C%E1%BB%A7%20Chi&#038;z=16&#038;output=embed\"\n            width=\"100%\" height=\"200\" style=\"border:0; border-radius: 10px;\" allowfullscreen loading=\"lazy\"><\/iframe>\n      <\/div>\n<\/div>\n\n\n\n<div class=\"wp-block-column is-layout-flow wp-block-column-is-layout-flow\">\n<!-- Chi nh\u00e1nh 2 -->\n      <div style=\"flex: 1 1 300px; background: #e0f2fe; padding: 20px; border-radius: 12px;\">\n         <h3 style=\"margin-top: 0;\">C\u1ee7 Chi &#8211; H\u00f2a Ph\u00fa<\/h3>\n         <p>\ud83d\udccd 1631 T\u1ec9nh L\u1ed9 8, x\u00e3 H\u00f2a Ph\u00fa, C\u1ee7 Chi<\/p>\n         <p>\ud83d\udcde <a href=\"tel:0346600579\" style=\"color: #000;\">0346 600 579<\/a> (Vinh)<\/p>\n         <div style=\"margin: 10px 0;\">\n            <a href=\"https:\/\/www.facebook.com\/share\/1K1eVp4Eto\/?mibextid=wwXIfr\" target=\"_blank\"\n               style=\"display:inline-block; padding: 8px 12px; background:#4267B2; color:#fff; border-radius:6px; text-decoration:none;\">\n            \ud83d\udc4d Fanpage\n            <\/a>\n         <\/div>\n         <iframe src=\"https:\/\/maps.google.com\/maps?q=1631%20t%E1%BB%89nh%20l%E1%BB%99%208%2C%20x%C3%A3%20H%C3%B2a%20Ph%C3%BA%2C%20C%E1%BB%A7%20Chi&#038;z=16&#038;output=embed\"\n            width=\"100%\" height=\"200\" style=\"border:0; border-radius: 10px;\" allowfullscreen loading=\"lazy\"><\/iframe>\n      <\/div>\n<\/div>\n\n\n\n<div class=\"wp-block-column is-layout-flow wp-block-column-is-layout-flow\">\n<!-- Chi nh\u00e1nh 3 -->\n      <div style=\"flex: 1 1 300px; background: #fef9c3; padding: 20px; border-radius: 12px;\">\n         <h3 style=\"margin-top: 0;\">H\u00f3c M\u00f4n &#8211; T\u00e2n Hi\u1ec7p<\/h3>\n         <p>\ud83d\udccd 57\/5B, \u1ea4p T\u00e2n Th\u1edbi 1, x\u00e3 T\u00e2n Hi\u1ec7p, H\u00f3c M\u00f4n<\/p>\n         <p>\ud83d\udcde <a href=\"tel:0379342079\" style=\"color: #000;\">0379 342 079<\/a> (Qu\u1ea3n l\u00fd Hi\u1ebfu)<\/p>\n         <div style=\"margin: 10px 0;\">\n            <a href=\"https:\/\/www.facebook.com\/share\/15UaGByQyT\/?mibextid=wwXIfr\" target=\"_blank\"\n               style=\"display:inline-block; padding: 8px 12px; background:#4267B2; color:#fff; border-radius:6px; text-decoration:none; margin-right: 8px;\">\n            \ud83d\udc4d Fanpage\n            <\/a>\n            <a href=\"https:\/\/booking.easysalon.vn\/vnbarbershop\" target=\"_blank\"\n               style=\"display:inline-block; padding: 8px 12px; background:#28a745; color:#fff; border-radius:6px; text-decoration:none;\">\n            \ud83d\udcc5 \u0110\u1eb7t l\u1ecbch\n            <\/a>\n         <\/div>\n         <iframe src=\"https:\/\/maps.google.com\/maps?q=57%2F5B%2C%20%C3%82p%20T%C3%A2n%20Th%E1%BB%9Di%201%2C%20x%C3%A3%20T%C3%A2n%20Hi%E1%BB%87p%2C%20H%C3%B3c%20M%C3%B4n&#038;z=16&#038;output=embed\"\n            width=\"100%\" height=\"200\" style=\"border:0; border-radius: 10px;\" allowfullscreen loading=\"lazy\"><\/iframe>\n      <\/div>\n<\/div>\n<\/div>\n<\/div>\n","protected":false},"excerpt":{"rendered":"<p>Li\u00ean h\u1ec7 VN Barber Shop G\u1ecdi ngay s\u1ed1 \ud83d\udcde 0346 600 579 (Qu\u1ea3n l\u00fd Vinh) \u0111\u1ec3 \u0111\u01b0\u1ee3c t\u01b0 v\u1ea5n nhanh \ud83c\udfe2 C\u00e1c chi nh\u00e1nh c\u1ee7a ch\u00fang t\u00f4i C\u1ee7 Chi &#8211; T\u00e2n Quy \ud83d\udccd 29 T\u1ec9nh L\u1ed9 15, x\u00e3 T\u00e2n Th\u1ea1nh T\u00e2y, C\u1ee7 Chi \ud83d\udcde 0379 342 079 (Qu\u1ea3n l\u00fd Hi\u1ebfu) \ud83d\udc4d Fanpage \ud83d\udcc5 \u0110\u1eb7t l\u1ecbch [&hellip;]<\/p>\n","protected":false},"author":1,"featured_media":0,"parent":0,"menu_order":0,"comment_status":"closed","ping_status":"closed","template":"","meta":{"footnotes":""},"class_list":["post-68","page","type-page","status-publish","hentry"],"_links":{"self":[{"href":"https:\/\/vnbarbergroup.vn\/index.php\/wp-json\/wp\/v2\/pages\/68","targetHints":{"allow":["GET"]}}],"collection":[{"href":"https:\/\/vnbarbergroup.vn\/index.php\/wp-json\/wp\/v2\/pages"}],"about":[{"href":"https:\/\/vnbarbergroup.vn\/index.php\/wp-json\/wp\/v2\/types\/page"}],"author":[{"embeddable":true,"href":"https:\/\/vnbarbergroup.vn\/index.php\/wp-json\/wp\/v2\/users\/1"}],"replies":[{"embeddable":true,"href":"https:\/\/vnbarbergroup.vn\/index.php\/wp-json\/wp\/v2\/comments?post=68"}],"version-history":[{"count":40,"href":"https:\/\/vnbarbergroup.vn\/index.php\/wp-json\/wp\/v2\/pages\/68\/revisions"}],"predecessor-version":[{"id":1296,"href":"https:\/\/vnbarbergroup.vn\/index.php\/wp-json\/wp\/v2\/pages\/68\/revisions\/1296"}],"wp:attachment":[{"href":"https:\/\/vnbarbergroup.vn\/index.php\/wp-json\/wp\/v2\/media?parent=68"}],"curies":[{"name":"wp","href":"https:\/\/api.w.org\/{rel}","templated":true}]}}